 prime factors of 25744?
2, 1609
List the prime factors of 768.
2, 3
What are the prime factors of 8254?
2, 4127
List the prime factors of 91130.
2, 5, 13, 701
What are the prime factors of 10598?
2, 7, 757
List the prime factors of 4055.
5, 811
What are the prime factors of 3318?
2, 3, 7, 79
List the prime factors of 737.
11, 67
List the prime factors of 2132.
2, 13, 41
List the prime factors of 14549.
14549
What are the prime factors of 18952?
2, 23, 103
What are the prime factors of 54845?
5, 7, 1567
What are the prime factors of 12311?
13, 947
What are the prime factors of 582?
2, 3, 97
List the prime factors of 825.
3, 5, 11
List the prime factors of 19561.
31, 631
What are the prime factors of 60583?
47, 1289
What are the prime factors of 10697?
19, 563
List the prime factors of 1783.
1783
List the prime factors of 13828.
2, 3457
List the prime factors of 9999.
3, 11, 101
What are the prime factors of 59565?
3, 5, 11, 19
What are the prime factors of 1716?
2, 3, 11, 13
List the prime factors of 93445.
5, 11, 1699
List the prime factors of 5784.
2, 3, 241
What are the prime factors of 5254?
2, 37, 71
What are the prime factors of 15849?
3, 587
List the prime factors of 34051.
17, 2003
What are the prime factors of 44471?
7, 6353
List the prime factors of 4992.
2, 3, 13
What are the prime factors of 7893?
3, 877
List the prime factors of 3761.
3761
List the prime factors of 716.
2, 179
What are the prime factors of 1988?
2, 7, 71
List the prime factors of 17600.
2, 5, 11
What are the prime factors of 316?
2, 79
What are the prime factors of 2980?
2, 5, 149
What are the prime factors of 1241?
17, 73
List the prime factors of 40280.
2, 5, 19, 53
What are the prime factors of 45588?
2, 3, 29, 131
What are the prime factors of 505?
5, 101
List the prime factors of 62317.
101, 617
List the prime factors of 7.
7
What are the prime factors of 1388?
2, 347
What are the prime factors of 31646?
2, 15823
What are the prime factors of 663?
3, 13, 17
What are the prime factors of 1351?
7, 193
List the prime factors of 10010.
2, 5, 7, 11, 13
List the prime factors of 4922.
2, 23, 107
List the prime factors of 532.
2, 7, 19
What are the prime factors of 63276?
2, 3, 5273
List the prime factors of 263.
263
What are the prime factors of 11387?
59, 193
What are the prime factors of 30022?
2, 17, 883
List the prime factors of 5674.
2, 2837
What are the prime factors of 6827?
6827
List the prime factors of 9851.
9851
What are the prime factors of 2949?
3, 983
What are the prime factors of 99360?
2, 3, 5, 23
What are the prime factors of 488?
2, 61
List the prime factors of 30712.
2, 11, 349
What are the prime factors of 8442?
2, 3, 7, 67
What are the prime factors of 10985?
5, 13
What are the prime factors of 4828?
2, 17, 71
What are the prime factors of 11672?
2, 1459
List the prime factors of 18850.
2, 5, 13, 29
List the prime factors of 1347.
3, 449
List the prime factors of 59195.
5, 11839
List the prime factors of 77827.
223, 349
What are the prime factors of 2538?
2, 3, 47
What are the prime factors of 32644?
2, 8161
What are the prime factors of 8908?
2, 17, 131
What are the prime factors of 113?
113
List the prime factors of 2803.
2803
What are the prime factors of 2022?
2, 3, 337
List the prime factors of 9246.
2, 3, 23, 67
List the prime factors of 21319.
21319
List the prime factors of 26645.
5, 73
What are the prime factors of 110085?
3, 5, 41, 179
What are the prime factors of 8460?
2, 3, 5, 47
List the prime factors of 635.
5, 127
List the prime factors of 1771.
7, 11, 23
What are the prime factors of 3372?
2, 3, 281
List the prime factors of 6497.
73, 89
What are the prime factors of 526?
2, 263
List the prime factors of 2138.
2, 1069
What are the prime factors of 87629?
87629
What are the prime factors of 4412?
2, 1103
List the prime factors of 523.
523
List the prime factors of 8516.
2, 2129
What are the prime factors of 12161?
12161
List the prime factors of 49661.
53, 937
What are the prime factors of 31746?
2, 3, 11, 13, 37
What are the prime factors of 340?
2, 5, 17
What are the prime factors of 26137?
59, 443
What are the prime factors of 10041?
3, 3347
What are the prime factors of 763?
7, 109
What are the prime factors of 3978?
2, 3, 13, 17
List the prime factors of 7604.
2, 1901
What are the prime factors of 2724?
2, 3, 227
What are the prime factors of 28162?
2, 14081
List the prime factors of 9824.
2, 307
List the prime factors of 13252.
2, 3313
List the prime factors of 1665.
3, 5, 37
List the prime factors of 117.
3, 13
What are the prime factors of 1414?
2, 7, 101
What are the prime factors of 10251?
3, 17, 67
What are the prime factors of 4383?
3, 487
What are the prime factors of 9586?
2, 4793
List the prime factors of 1378.
2, 13, 53
What are the prime factors of 1306?
2, 653
List the prime factors of 18959.
18959
What are the prime factors of 42348?
2, 3, 3529
List the prime factors of 9537.
3, 11, 17
What are the prime factors of 11922?
2, 3, 1987
List the prime factors of 507.
3, 13
List the prime factors of 7978.
2, 3989
What are the prime factors of 14620?
2, 5, 17, 43
List the prime factors of 2282.
2, 7, 163
What are the prime factors of 950?
2, 5, 19
List the prime factors of 2601.
3, 17
List the prime factors of 3318.
2, 3, 7, 79
What are the prime factors of 539?
7, 11
What are the prime factors of 72451?
53, 1367
List the prime factors of 11826.
2, 3, 73
List the prime factors of 18599.
7, 2657
List the prime factors of 1304.
2, 163
What are the prime factors of 6998?
2, 3499
List the prime factors of 877.
877
List the prime factors of 637.
7, 13
List the prime factors of 174709.
17, 43, 239
What are the prime factors of 2809?
53
List the prime factors of 13122.
2, 3
What are the prime factors of 875?
5, 7
List the prime factors of 31289.
67, 467
What are the prime factors of 31648?
2, 23, 43
List the prime factors of 31844.
2, 19, 419
What are the prime factors of 563?
563
List the prime factors of 3753.
3, 139
What are the prime factors of 15572?
2, 17, 229
What are the prime factors of 46260?
2, 3, 5, 257
What are the prime factors of 46?
2, 23
List the prime factors of 386.
2, 193
List the prime factors of 32509.
19, 29, 59
What are the prime factors of 18863?
13, 1451
What are the prime factors of 3189?
3, 1063
What are the prime factors of 694?
2, 347
What are the prime factors of 7399?
7, 151
List the prime factors of 39.
3, 13
List the prime factors of 11732.
2, 7, 419
List the prime factors of 3300.
2, 3, 5, 11
What are the prime factors of 103401?
3, 11489
List the prime factors of 2407.
29, 83
What are the prime factors of 12484?
2, 3121
What are the prime factors of 6442?
2, 3221
What are the prime factors of 4767?
3, 7, 227
List the prime factors of 12410.
2, 5, 17, 73
List the prime factors of 11893.
7, 1699
List the prime factors of 4768.
2, 149
List the prime factors of 2636.
2, 659
What are the prime factors of 5296?
2, 331
List the prime factors of 1850.
2, 5, 37
What are the prime factors of 3839?
11, 349
What are the prime factors of 1404?
2, 3, 13
List the prime factors of 8552.
2, 1069
What are the prime factors of 83966?
2, 41983
What are the prime factors of 19354?
2, 9677
List the prime factors of 2014.
2, 19, 53
List the prime factors of 14929.
14929
List the prime factors of 4035.
3, 5, 269
List the prime factors of 6390.
2, 3, 5, 71
List the prime factors of 9188.
2, 2297
What are the prime factors of 24039?
3, 2671
What are the prime factors of 395?
5, 79
List the prime factors of 6851.
13, 17, 31
What are the prime factors of 3235?
5, 647
List the prime factors of 12718.
2, 6359
What are the prime factors of 11652?
2, 3, 971
What are the prime factors of 2241?
3, 83
What are the prime factors of 37502?
2, 17, 1103
What are the prime factors of 74691?
3, 43, 193
List the prime factors of 19317.
3, 47, 137
List the prime factors of 2645.
5, 23
List the prime factors of 8530.
2, 5, 853
List the prime factors of 18331.
23, 797
What are the prime factors of 122?
2, 61
List the prime factors of 669.
3, 223
What are the prime factors of 100?
2, 5
List the prime factors of 1286.
2, 643
What are the prime factors of 641?
641
What are the prime factors of 40810?
2, 5, 7, 11, 53
List the prim